 w and 98.
14
Suppose 4*z - 333 = -u, -2*z - u + 177 = -4*u. Let x(g) = 4*g**2 - g - 2. Let m be x(2). What is the highest common factor of z and m?
12
Let k(x) = -x + 13. Let z be k(0). What is the highest common divisor of z and 299?
13
Let j = -8 + 14. Calculate the greatest common factor of 2 and j.
2
Let z be -3 + ((-1)/(-1) - -35). Let f = 23 - z. Let h = 17 + f. Calculate the greatest common factor of h and 49.
7
Suppose 9 = -u + 4*u. Suppose 5*w + 0*h = -2*h + 11, -4*h + 9 = -u*w. What is the highest common factor of 4 and w?
1
Let m be (6 + -3)/1 + 36. Suppose 0 = 4*k - k + 9. Let z = k + 16. Calculate the highest common divisor of m and z.
13
Suppose 20 = 4*a - 4*n, 5*n = -a + 5*a - 15. Let b = 276 - 166. Calculate the highest common divisor of a and b.
10
Let o = -1 + -3. Let g(v) = -v + 1. Let a be g(o). What is the greatest common divisor of a and 5?
5
Let w = 78 - 33. What is the greatest common factor of 5 and w?
5
Let b be -1*3/12 + (-217)/(-4). Calculate the greatest common factor of 36 and b.
18
Let n = -9 + 35. Suppose -2*y = z - 5*z - n, 6 = -3*y - 3*z. Let m be -3 + y + -1 - -25. What is the greatest common divisor of 3 and m?
3
Let h = -197 - -236. What is the greatest common divisor of 52 and h?
13
Suppose 4*t = -t + 35. Let w(d) = 3*d**2 + 1. Let o be w(-3). Suppose 0 = 4*b - o. What is the highest common divisor of b and t?
7
Let s = 42 - 26. Calculate the greatest common divisor of 40 and s.
8
Let h(o) = 19*o + 5. Let b be h(4). What is the greatest common divisor of b and 9?
9
Let u(h) = 2*h**2 + 3*h - 3. Let p be u(-4). Let t = -201 - -388. Calculate the greatest common factor of p and t.
17
Let m = -15 - -15. Suppose m*y + 90 = 2*y. What is the highest common factor of y and 9?
9
Suppose -5*z - 20 = 5*w, -2*w + 4 = -3*w + z. Let p = w + 5. Let k(f) = 6*f - 1. Let j be k(2). What is the highest common factor of j and p?
1
Let q(z) = -z**3 - 9*z**2 + 8*z - 14. Let h be q(-10). What is the highest common factor of h and 12?
6
Suppose 8 = 2*u + 22. Let r = u + 13. What is the highest common factor of r and 42?
6
Let b(i) = 15*i + 1. Let m be b(1). Let f be 507 + 0 + 1 + 1. Suppose 4*r - 4*g = -r + 652, -4*r = g - f. What is the highest common divisor of r and m?
16
Suppose -6*q + 324 = 3*q. Calculate the highest common factor of 396 and q.
36
Suppose -k - f + 49 = 0, -4*f + 185 + 63 = 5*k. What is the greatest common divisor of k and 26?
26
Let m be -40*(-12)/6 - (-2 - -1). What is the greatest common divisor of 9 and m?
9
Let t be 2/(-1)*3/6. Let v(a) = -2*a + 3. Let n be v(6). Let i = t - n. Calculate the greatest common divisor of i and 12.
4
Let h(f) = -16*f + 11. Let k be h(-11). Calculate the highest common divisor of k and 11.
11
Suppose -4*q + 32 = 3*h, -4*q - 2*h + 10 = -18. Suppose 3*w = -5*c + 177, -q*c + 7 + 8 = 0. What is the highest common divisor of 6 and w?
6
Let m = -7 + 10. Let y be 3 + 124/(m - 1). Calculate the greatest common divisor of 26 and y.
13
Let s be (26/(-4))/((-1)/(-2)). Let l(d) = d**2 + 12*d - 5. Let k be l(s). Calculate the highest common divisor of 20 and k.
4
Let r(x) = 4*x + 14. Let f be r(10). Calculate the greatest common factor of f and 378.
54
Let x be ((-24)/(-5))/(4/20). Suppose 4*t + 3*w - 2*w + 4 = 0, -20 = 2*t + 5*w. Let r be (-24)/(-2) - (t + 0). What is the greatest common divisor of x and r?
12
Let l be (7/(-3))/(2/12). Let m = l + 8. Let i = 7 + m. What is the greatest common factor of i and 2?
1
Suppose 2*r + 2*w - 22 = 0, -2*r - 3*r + 5*w + 45 = 0. Suppose 2 = -3*x + x. Let q be 9/(-2)*(x + -19). Calculate the highest common factor of r and q.
10
Let t be 1 - (-2 - 471/(-3)). Let j = -42 - t. What is the highest common divisor of j and 14?
14
Let h = 80 - -1. Let v be (2/((-2)/(-9)))/1. Calculate the highest common factor of h and v.
9
Let n be 161 + 5/5*1. Calculate the highest common factor of n and 18.
18
Suppose 2*z - 16 = z. Let q = -2 + z. Let j = q + 18. Calculate the highest common divisor of j and 8.
8
Suppose -3*u + 2*u - q + 26 = 0, -u = -3*q - 10. What is the highest common divisor of 110 and u?
22
Let r = 66 + 11. Calculate the greatest common factor of 7 and r.
7
Suppose -2*o = 3*u - 17, 3*o - 51 = 6*u - 2*u. What is the highest common factor of 52 and o?
13
Let p = 8 - 5. Let r be ((-8)/(-10))/(p/270). What is the highest common divisor of 12 and r?
12
Let x = -117 + 120. Calculate the highest common factor of x and 39.
3
Let m(n) = 2*n. Let q be 2/(-13) - 318/(-39). Let a be m(q). What is the greatest common factor of a and 32?
16
Let i = -23 - -37. Let a = i - -30. Calculate the highest common factor of a and 4.
4
Let w = 11 + -8. Let q be (2/4)/(w/1296). Calculate the greatest common factor of q and 24.
24
Suppose 5*s - 80 = -0. Let r be (96/(-36))/(2/(-48)). What is the highest common factor of r and s?
16
Let f be (-7)/(-3) - 6/(-9). Suppose a - 8 = f*a, -g + 4 = 5*a. What is the highest common factor of 24 and g?
24
Let o be (-854)/(-26) + (-6)/(-39). Calculate the greatest common divisor of 22 and o.
11
Let c(g) = -g - 3. Let t be c(-6). Suppose 3*z - 5*d - 10 = 0, -z + 2*z = t*d + 2. Calculate the greatest common factor of 10 and z.
5
Let h be 0*((-1)/1 + 2). Let k(b) = b**3 - b + 16. Let c be k(h). Suppose -g + c = g. Calculate the highest common divisor of g and 32.
8
Suppose -3*v = -2*j + 492, -j - v = 2*v - 264. Calculate the highest common factor of 36 and j.
36
Suppose 4*u - 3*i = 22 + 3, 26 = 5*u - 2*i. What is the greatest common factor of 2 and u?
2
Let y(w) = -w - 8. Let d be y(-12). What is the greatest common divisor of d and 4?
4
Suppose -5*g + 50 = -20. Let k = 0 + g. What is the greatest common divisor of k and 56?
14
Let l(f) = -f**3 + f**2 + 2*f + 3. Let o be l(-4). What is the highest common divisor of 30 and o?
15
Suppose -3*b + 228 = 5*m, -8*b + 9*b = 3*m - 134. Calculate the highest common divisor of 5 and m.
5
Let g(n) = 8*n + 2. Let z be g(6). What is the highest common divisor of z and 20?
10
Let v = -20 + 39. Calculate the highest common factor of v and 152.
19
Let v = 3 + 0. What is the greatest common divisor of v and 24?
3
Let t = -100 - -220. Calculate the highest common factor of 30 and t.
30
Let u be ((-12)/24)/((-1)/6). What is the greatest common divisor of 12 and u?
3
Suppose 0 = -3*s + 5*h + 12, s + 5*h - 20 = 4. Let w(t) = 6*t**2 + 2*t - 5. Let l be w(4). Calculate the greatest common divisor of l and s.
9
Let l(q) = 63*q - 5. Let a be l(3). What is the highest common divisor of 23 and a?
23
Let t = -84 - -165. Calculate the highest common divisor of 9 and t.
9
Let h = 3 - -17. Suppose -5*f = -4*f - h. Calculate the highest common factor of f and 160.
20
Let j = -5 - -10. Suppose 0 = -j*s - 156 - 64. Let r = s - -72. What is the greatest common factor of r and 4?
4
Let i(f) = -7*f + 7. Let p be i(4). Let z be (-7)/p - 214/(-6). Calculate the greatest common factor of z and 9.
9
Suppose w = 2, -3*q = -w + 2*w - 122. Let r(g) = 2*g - 11. Let t be r(8). Calculate the greatest common divisor of q and t.
5
Let b be 3 + (-2 + 10 - 2). Suppose -x = -4*y + 9 - 39, 5*x - 70 = 4*y. Let h be 12/x - (-5)/(-25). What is the highest common factor of h and b?
1
Let r(i) = -i**3 + 8*i**2 - 4*i - 1. Let y be r(5). What is the highest common factor of y and 18?
18
Let i(q) = -q**2 - 6*q - 14. Let y be i(-6). Let f be 4/(-14) + (-158)/y. Calculate the highest common factor of f and 121.
11
Let x = -38 - -67. Calculate the greatest common divisor of x and 58.
29
Let b(t) be the third derivative of -t**4/24 - 2*t**3/3 + 4*t**2. Let m be b(-10). What is the greatest common divisor of m and 12?
6
Suppose -277 + 86 = -4*v - 5*a, 25 = -5*a. What is the greatest common divisor of v and 27?
27
Suppose 19 + 13 = -2*j. Let u = j + 26. Calculate the greatest common factor of u and 90.
10
Let x be (8/(-10))/(3/(-300)). Suppose 4*b + 84 = 212. What is the highest common factor of b and x?
16
Let i = -8 + 14. Let r be (-4)/(-18) - (-68)/18. Suppose -3*z = r*w - 22, -i*w + w - 53 = -2*z. What is the highest common divisor of 112 and z?
14
Let x be (-3 - -1)*1/(-2). Let a = x + 2. Let g be a*45 + -3 - 2. Calculate the greatest common factor of g and 26.
26
Let s = 26 + -14. What is the greatest common divisor of s and 120?
12
Suppose -q + 